 172 - 17, l*h - 4*n - 135 = 0. List the prime factors of h.
41
Suppose -2*s - 72*t + 70*t = -2408, 0 = -s + 5*t + 1198. What are the prime factors of s?
3, 401
Let v(y) = 2*y**2 + 5*y - 22. Let i be v(6). Let b(g) = -g + 1. Let c be b(-3). Suppose c*d + d = i. What are the prime factors of d?
2
Let q be 5/((-11)/3 + 4). Let s = q + -11. Suppose 24 = s*v - 2*v. List the prime factors of v.
2, 3
Suppose 2*c - 17 = c + 2*y, -1 = y. Let z = c - 9. Suppose x + 340 = z*x. What are the prime factors of x?
2, 17
Suppose 0 = 19*g - 39*g + 20840. List the prime factors of g.
2, 521
Let z(o) = -o**3 + 2*o**2 + o - 7. Let p be z(0). List the prime factors of 1490/12 + 0 - p/(-42).
2, 31
Let o(b) = 6*b - 7. Let q be o(0). Let i(j) = j**3 + 7*j**2 - 6*j + 18. What are the prime factors of i(q)?
2, 3, 5
Let y be (267/12)/(4/48). Suppose -3*w + 2*q + y = 0, w + q = -51 + 135. List the prime factors of w.
3, 29
Let h(z) be the second derivative of z**5/60 + z**4/8 - z**3/3 + z**2 - 3*z. Let w(l) be the first derivative of h(l). What are the prime factors of w(4)?
2, 13
Let f be 1*55 - 28/7. List the prime factors of f - 2*(-1 - -2).
7
Suppose b - 2*w = -3*w + 454, -5*b + 5*w + 2280 = 0. Let n be b/(-15) + (-2)/(-6). Let v = n + 57. What are the prime factors of v?
3
Let w be ((-62)/8)/((-4)/(-96)). List the prime factors of w/((0 - -1) + (-20)/8).
2, 31
Suppose 5*t = 4*f + 2535, t = -3*t + f + 2017. List the prime factors of t.
503
List the prime factors of (3/((-6)/4))/(54/(-8829)).
3, 109
Let o = 4611 + -3086. List the prime factors of o.
5, 61
Suppose g = 1, -12*g = 3*z - 16*g - 1133. What are the prime factors of z?
379
Let x be 4/14 - (-876)/21. Let f = 0 - x. What are the prime factors of (-6)/(-4)*(-224)/f?
2
Suppose 0 = 2*u - u - x - 3, -6 = -2*u - x. Suppose 0*w + u*g = -3*w, -3*w + 3*g + 18 = 0. What are the prime factors of -1 - (-6 + -1)*w?
2, 5
Suppose 4*d + 149 - 1295 = -2*v, -273 = -d - 5*v. List the prime factors of d.
2, 3
Let m(c) = 180*c - 104. What are the prime factors of m(5)?
2, 199
What are the prime factors of 148075/85 + 21/(-357)?
2, 13, 67
Suppose 176 = 2*g + 2. List the prime factors of g.
3, 29
Suppose 15*n - 9702 = -3*n. List the prime factors of n.
7, 11
Let i be (16/(-24))/((-4)/(-18)). Let w be ((-50)/(-15))/(i/9). What are the prime factors of (200/w)/(2/(-7))?
2, 5, 7
Let o be ((-9)/(-36))/((-1)/(-8)). Suppose 156 = -o*l + 3*l. What are the prime factors of l?
2, 3, 13
Suppose -3*b + 9 = -3. Let m be b*(45/(-12) + 0). Let t = 17 + m. List the prime factors of t.
2
Suppose 28 = -q - 11. What are the prime factors of (-2)/6 + (-7111)/q?
2, 7, 13
Let a(m) = 90*m - 12. List the prime factors of a(2).
2, 3, 7
Let l(s) = -12*s - 7. Let t(h) = 25*h + 14. Let o(b) = 13*l(b) + 6*t(b). Suppose 114*f = 117*f + 15. List the prime factors of o(f).
23
List the prime factors of (36/15)/(-2 + 4929/2460).
2, 41
Let w(k) = -6*k - 8. Let g be w(-2). Let c(v) = 35*v - 32. What are the prime factors of c(g)?
2, 3
Suppose -4*s = -165 - 187. Let z be (s/10)/(2/(-25)). What are the prime factors of (-2290)/z + (-2)/(-11)?
3, 7
Let a(t) = 11*t - 59. Let i be a(6). Let r be (-3*28/6)/(-1). Suppose -i = -3*v + r. What are the prime factors of v?
7
Suppose -h - 4 = h. List the prime factors of 3/h*114/(-9).
19
Let y = 16 + -31. Let c = y + 0. Let m = c + 25. What are the prime factors of m?
2, 5
Suppose -1217 = -46*x + 3659. List the prime factors of x.
2, 53
Suppose o - 41 = 5*r - 10, 4*r = -3*o + 188. Suppose 4*p - 6*p = -o. Let d = p - 15. List the prime factors of d.
13
Let c(a) = a**2 + 1. Let m be c(-1). Suppose -3*t + 22 - 151 = m*j, j = 4*t + 183. Let y = t - -114. What are the prime factors of y?
3, 23
Let d = 706 - 145. What are the prime factors of d?
3, 11, 17
Let k = -212 - -321. Let z = 91 + k. Suppose -4*v - 2*t + 204 = -4*t, 4*v - z = t. What are the prime factors of v?
7
Suppose -133 = -3*n - 4*n. Let w(c) = c**3 - 19*c**2 + 10*c - 26. What are the prime factors of w(n)?
2, 41
Let o(r) = -22*r**3 - r**2 + 2*r + 2. Let x be o(-1). Suppose -3*n + 0*n = -x. Let z(p) = 5*p - 13. List the prime factors of z(n).
2, 11
Suppose -72*p + 143899 + 26813 = 0. List the prime factors of p.
2371
Suppose -b - 126 = -8*b. What are the prime factors of 1498/b - (-2)/(-9)?
83
Suppose 0 = -0*l + 5*l + 65. Let x be (-2)/l + 739/13. Let v = x - 40. What are the prime factors of v?
17
Suppose -18 = -2*x - j, -x + 8*j + 23 = 5*j. Let v(w) = w**2 + 4*w - 14. List the prime factors of v(x).
151
Suppose 0 = 15*d - 3*d - 1032. What are the prime factors of d?
2, 43
Let f = -11 - -12. Suppose 23 = 5*q + 3*v, -f = -2*q + 5*v + 2. Suppose 29 = l - 4*u + 5, -5*u = q*l - 12. What are the prime factors of l?
2
Let i(h) = -7*h**3 - 5*h**2 - 4*h + 2. Let k = -40 - -38. What are the prime factors of i(k)?
2, 23
Let j = 25 - 24. List the prime factors of 3655/30 + -1 - j/(-6).
11
Let l = 2074 - 691. What are the prime factors of l?
3, 461
Suppose 56*p = 207272 - 800. List the prime factors of p.
3, 1229
Let s(n) = n**2 + 22*n + 53. List the prime factors of s(12).
461
Suppose 4 = -4*l, 3*l + l + 6 = c. Suppose 5*w - 2*o = 180, -c*w + 19 = -3*o - 64. What are the prime factors of w?
2, 17
List the prime factors of 148 - 1/((-7)/(-28)).
2, 3
Let x(k) = -60*k - 11. Let y be x(-7). Suppose 6*b - 3*b - y = -2*w, -3*b - 227 = -w. Suppose -8*o = -4*o - w. What are the prime factors of o?
53
Suppose -8*v + 4*v = -144. Suppose -1398 = -6*i - v. List the prime factors of i.
227
Let m = 688 - 494. What are the prime factors of m?
2, 97
Let p(i) = 25*i**2 + 2*i - 9. What are the prime factors of p(-3)?
2, 3, 5, 7
Suppose 2*s + 8*h - 5*h = 3117, 5*h - 25 = 0. What are the prime factors of s?
3, 11, 47
Suppose 2*u - u + 244 = -g, 0 = -5*g - 4*u - 1222. Let t be g/(-4) - (-6)/(-4). Suppose 88 + t = 2*s. What are the prime factors of s?
2, 37
Suppose 0 = 143*c - 135*c - 13160. List the prime factors of c.
5, 7, 47
Let t(w) = 12*w**2 - 12*w - 48. Let y be t(-8). Suppose 0*d - y = -6*d. What are the prime factors of d?
2, 17
What are the prime factors of (118 - 6)*2 - 6?
2, 109
Suppose -r - 12*r = -221. Suppose n - r + 8 = 0. What are the prime factors of n?
3
List the prime factors of 65/39*7716/(-30)*-9.
2, 3, 643
Suppose 2*g + 5*v - 18 = 0, 2*g = -4*v - 1 + 19. Let w be 11 - g - (-21 - 0). What are the prime factors of (w - 4)/((-1)/(-2))?
2, 19
Let i = -8 + 15. Let z(b) = b**2 - b - 3. What are the prime factors of z(i)?
3, 13
Suppose -4*i = 5*a - 24, -9*i + 21 = 5*a - 8*i. List the prime factors of a.
2
List the prime factors of (0 - (22/4)/(-11))*1016.
2, 127
Let g be (-3)/((-1)/(-3) + 0). List the prime factors of (39*-1)/(9/g).
3, 13
Let j = 20 + -27. Let o = j + 18. What are the prime factors of o?
11
Let o(m) = -3*m**3 + 2*m - 3. Let y be o(-2). Suppose 20*n - 72 = y*n. List the prime factors of n.
2, 3
Let y = 4010 + -1275. What are the prime factors of y?
5, 547
Let x be 20/30 + (-284)/(-6). Let l be x/28 + (-6)/(-21). Suppose 2*s - 50 = -2*z, l*z - 3 = 1. What are the prime factors of s?
23
Suppose 3*d = 4*d - 3. Suppose n - 348 = -d*n. What are the prime factors of n?
3, 29
Let a be 16 + -11 + 0/1. Suppose -a*c + 37 = -248. What are the prime factors of c?
3, 19
Suppose -3*n - 312 = -4*v, -3*n = -0*n. List the prime factors of v*2 + -6 + 1*3.
3, 17
What are the prime factors of (381/(-6))/((-14)/476)?
17, 127
Let a = -11 - -75. Let p be (-48)/a + 167/4. Let k = p - 30. List the prime factors of k.
11
Suppose 0 = t - 2*t. Suppose j - 3 - 15 = t. What are the prime factors of j?
2, 3
Let b(u) = u**2 + 3 + 2 - 5*u + 3 - 2. Let q be b(4). Suppose 0 = -x - 0*y - q*y + 44, -4*y = -4*x + 236. List the prime factors of x.
2, 3
Suppose -o + t = -305, 5*t - 1552 = -5*o + t. Suppose -3*v - v = -o. What are the prime factors of v?
7, 11
Suppose 0 = -49*j + 55*j - 5298. List the prime factors of j.
883
Suppose 3*n = 2*w + 14, -w = -0*w + 3*n + 7. Let d = w + 9. List the prime factors of (-3 - -23) + 6/d.
23
Let h = -12 - -309. What are the prime factors of h?
3, 11
Let f be (-1)/4 - (-6)/24. Suppose 2*w + 10 + 2 = f. Let x = w + 13. What are the prime factors of x?
7
Suppose 4 = -2*o + 18. Let s be ((-6)/(-4))/(o/14). List the prime factors of s - (-19 + 0/1).
2, 11
Let y be -2 - (-9